?
64
What is the remainder when 69075 is divided by 11?
6
What is the remainder when 622076 is divided by 810?
806
What is the remainder when 3365 is divided by 116?
1
What is the remainder when 3829 is divided by 1875?
79
Calculate the remainder when 150995 is divided by 197.
93
Calculate the remainder when 18614 is divided by 194.
184
Calculate the remainder when 21898 is divided by 105.
58
Calculate the remainder when 4560 is divided by 50.
10
What is the remainder when 1498727 is divided by 21?
20
What is the remainder when 1833 is divided by 169?
143
What is the remainder when 2612 is divided by 5?
2
What is the remainder when 100314 is divided by 57?
51
What is the remainder when 11025247 is divided by 29?
27
What is the remainder when 22384 is divided by 26?
24
What is the remainder when 2571 is divided by 77?
30
What is the remainder when 29427 is divided by 604?
435
What is the remainder when 1567 is divided by 143?
137
What is the remainder when 15346 is divided by 15073?
273
What is the remainder when 59832 is divided by 1616?
40
Calculate the remainder when 17091 is divided by 571.
532
What is the remainder when 32176 is divided by 174?
160
Calculate the remainder when 3353 is divided by 134.
3
What is the remainder when 301253 is divided by 8368?
5
Calculate the remainder when 1106 is divided by 537.
32
Calculate the remainder when 2674 is divided by 530.
24
Calculate the remainder when 151241 is divided by 17.
9
What is the remainder when 15161 is divided by 1156?
133
What is the remainder when 4478 is divided by 1117?
10
What is the remainder when 3024 is divided by 2546?
478
Calculate the remainder when 143160 is divided by 599.
598
What is the remainder when 360503 is divided by 179?
176
Calculate the remainder when 48125 is divided by 27.
11
Calculate the remainder when 3658 is divided by 1390.
878
Calculate the remainder when 12214 is divided by 3843.
685
Calculate the remainder when 50568 is divided by 16849.
21
Calculate the remainder when 4780 is divided by 279.
37
What is the remainder when 14946 is divided by 211?
176
What is the remainder when 135963 is divided by 82?
7
Calculate the remainder when 8247 is divided by 70.
57
Calculate the remainder when 209986 is divided by 19.
17
What is the remainder when 2026 is divided by 101?
6
What is the remainder when 193734 is divided by 2849?
2
Calculate the remainder when 279325 is divided by 45.
10
What is the remainder when 656 is divided by 103?
38
Calculate the remainder when 31529 is divided by 6302.
19
What is the remainder when 20060 is divided by 4012?
0
Calculate the remainder when 1969 is divided by 324.
25
Calculate the remainder when 13690 is divided by 39.
1
Calculate the remainder when 9562 is divided by 52.
46
What is the remainder when 176582 is divided by 1523?
1437
Calculate the remainder when 5684 is divided by 2839.
6
Calculate the remainder when 27184 is divided by 105.
94
Calculate the remainder when 1432 is divided by 704.
24
Calculate the remainder when 49465 is divided by 16488.
1
Calculate the remainder when 57786 is divided by 11555.
11
Calculate the remainder when 2490 is divided by 464.
170
Calculate the remainder when 78522 is divided by 536.
266
What is the remainder when 1468 is divided by 184?
180
Calculate the remainder when 37467 is divided by 551.
550
What is the remainder when 20115 is divided by 61?
46
Calculate the remainder when 354 is divided by 239.
115
Calculate the remainder when 31146 is divided by 7783.
14
What is the remainder when 48142 is divided by 9626?
12
What is the remainder when 1463 is divided by 175?
63
Calculate the remainder when 128231 is divided by 234.
233
What is the remainder when 2857057 is divided by 92?
89
Calculate the remainder when 4169 is divided by 710.
619
What is the remainder when 2449 is divided by 728?
265
What is the remainder when 7323 is divided by 3435?
453
What is the remainder when 4190 is divided by 93?
5
What is the remainder when 2383 is divided by 2013?
370
What is the remainder when 92040 is divided by 1334?
1328
Calculate the remainder when 1777 is divided by 851.
75
What is the remainder when 73218 is divided by 121?
13
Calculate the remainder when 201626 is divided by 2800.
26
What is the remainder when 250489 is divided by 44?
41
What is the remainder when 9379 is divided by 115?
64
What is the remainder when 575367 is divided by 90?
87
What is the remainder when 323598 is divided by 19?
9
What is the remainder when 9279 is divided by 1801?
274
Calculate the remainder when 123715 is divided by 314.
313
Calculate the remainder when 4856 is divided by 236.
136
What is the remainder when 143 is divided by 101?
42
Calculate the remainder when 6674 is divided by 3108.
458
Calculate the remainder when 96383 is divided by 694.
611
Calculate the remainder when 12570 is divided by 23.
12
What is the remainder when 161152 is divided by 1439?
1423
Calculate the remainder when 25487 is divided by 25387.
100
What is the remainder when 3949 is divided by 1957?
35
Calculate the remainder when 21314 is divided by 21313.
1
What is the remainder when 1157883 is divided by 91?
90
What is the remainder when 66746 is divided by 224?
218
Calculate the remainder when 37701 is divided by 564.
477
Calculate the remainder when 557559 is divided by 28.
23
What is the remainder when 10977 is divided by 3610?
147
Calculate the remainder when 2565 is divided by 2529.
36
Calculate the remainder when 49517 is divided by 54.
53
What is the remainder when 5927 is divided by 9?
5
Calculate the remainder when 11530 is divided by 79.
75
What is the remainder when 8943 is divided by 2669?
936
What is the remainder when 265856 is divided by 21?
17
What is the remainder when 110543 is divided by 336?
335
Calculate the remainder when 7068 is divided by 102.
30
Calculate the remainder when 7675 is divided by 419.
133
Calculate the remainder when 1672103 is divided by 888.
887
What is the remainder when 15253 is divided by 4700?
1153
Calculate the remainder when 1055 is divided by 303.
146
Calculate the remainder when 5194 is divided by 52.
46
Calculate the remainder when 169287 is divided by 31.
27
Calculate the remainder when 21299 is divided by 1418.
29
What is the remainder when 3245578 is divided by 13?
11
Calculate the remainder when 11964 is divided by 3874.
342
Calculate the remainder when 2428 is divided by 603.
16
Calculate the remainder when 597236 is divided by 1422.
1418
Calculate the remainder when 690 is divided by 143.
118
What is the remainder when 1282 is divided by 258?
250
What is the remainder when 8571 is divided by 2613?
732
Calculate the remainder when 55106 is divided by 420.
86
Calculate the remainder when 29660 is divided by 532.
400
What is the remainder when 15273 is divided by 107?
79
Calculate the remainder when 423 is divided by 348.
75
Calculate the remainder when 791505 is divided by 746.
745
What is the remainder when 195939 is divided by 194?
193
What is the remainder when 55011 is divided by 519?
516
Calculate the remainder when 635197 is divided by 63519.
7
Calculate the remainder when 1479 is divided by 295.
4
Calculate the remainder when 6836 is divided by 549.
248
What is the remainder when 1077 is divided by 11?
10
What is the remainder when 471 is divided by 20?
11
What is the remainder when 2082 is divided by 1905?
177
Calculate the remainder when 1319 is divided by 222.
209
What is the remainder when 14326 is divided by 25?
1
What is the remainder when 9923 is divided by 4839?
245
What is the remainder when 682 is divided by 271?
140
What is the remainder when 312597 is divided by 1319?
1313
What is the remainder when 16501 is divided by 459?
436
What is the remainder when 45075 is divided by 1096?
139
Calculate the remainder when 66826 is divided by 24.
10
What is the remainder when 499816 is divided by 22?
20
What is the remainder when 10602 is divided by 5052?
498
What is the remainder when 82571 is divided by 41281?
9
What is the remainder when 17023 is divided by 16893?
130
Calculate the remainder when 13662 is divided by 97.
82
What is the remainder when 46009 is divided by 23000?
9
Calculate the remainder when 186840 is divided by 13.
4
Calculate the remainder when 11715 